. Suppose 3*i - a = 82. List the prime factors of i.
3, 17
Let j be 1 + (-21)/(-24) - 6/(-48). Let m(l) = 3*l**2 + 4*l + 1. List the prime factors of m(j).
3, 7
Suppose -18 = w + 2*b, -3*b - 57 = 5*w - 4*b. Let m = -2 - w. Suppose -6*q = -m*q + 64. List the prime factors of q.
2
List the prime factors of (10/1)/(-3*(-4)/114).
5, 19
Suppose -5*y = -15, -4*w - 6*y + 7*y = -1829. What are the prime factors of w?
2, 229
Let b = 371 - -7. List the prime factors of b.
2, 3, 7
Let l(z) = 49*z. Suppose 6 = -j + 9. Let m be l(j). Suppose -5*n = 3*p - 362, 4*p + 47 = 3*n - m. List the prime factors of n.
2, 5, 7
Suppose k + 90 - 6 = c, 5*k = 0. Let m = -66 + 19. Let f = m + c. What are the prime factors of f?
37
Let i = -80 - -40. Let v = -25 - i. List the prime factors of v.
3, 5
Suppose -s + 75 = -42. Let f = 179 - s. List the prime factors of f.
2, 31
Let s(k) = 5*k**2 - k + 3. Let y(p) = p**2 + 1. Let l(o) = -s(o) + 6*y(o). What are the prime factors of l(5)?
3, 11
Let w(r) = -3*r**3 - 49*r**2 + 21*r - 28. List the prime factors of w(-18).
2, 607
Let n = -4119 + 6896. What are the prime factors of n?
2777
Suppose -5*t = -t - 60. Let l(d) = -t + 3*d**2 - 4*d**2 + 3 - 14*d. What are the prime factors of l(-11)?
3, 7
Let j(l) = 59*l**2 - 56*l**2 + 4*l - 2 - 13. List the prime factors of j(-5).
2, 5
Let g be (-15)/9*(2/(-2) + -2). Suppose k + g*y = 30 + 15, 4*k + 4*y = 228. List the prime factors of k.
2, 3, 5
Let c(b) = 13*b**3 + 5*b**2 + b - 14. Let n(s) = -7*s**3 - 2*s**2 + 7. Let t(g) = 6*c(g) + 11*n(g). Suppose 0*m = -3*m - 15. What are the prime factors of t(m)?
2, 19
Let a(q) = q**3 - 10*q**2 + 13*q - 1. Let n = 17 - 8. What are the prime factors of a(n)?
5, 7
Let d(m) be the second derivative of -m**3 + 325*m**2/2 + 21*m. What are the prime factors of d(0)?
5, 13
Let h = -222 - -687. Let z = h + -291. List the prime factors of z.
2, 3, 29
Suppose -r + 0 = -4. Suppose 0 = r*b + 4*v + 8, 0*b - 4*v = -b + 18. Suppose -12 - b = -2*f. What are the prime factors of f?
7
What are the prime factors of (-279 - -1)/(3 - (-770)/(-250))?
5, 139
Let l be (-23 - 197) + -4 + 1. Let u = -142 - l. What are the prime factors of u?
3
Let m = 3 + 1. Suppose -41 - 23 = m*y. What are the prime factors of ((-4)/(-1))/(y/(-88))?
2, 11
Let y(m) = -m**3 - 13*m**2 - 4*m + 25. Let n be y(-15). Suppose -4*i = -h - 7*i + 260, -n = -2*h - i. What are the prime factors of h?
269
Let u(y) = y + 14. Let i be u(-5). Suppose i = 3*k, -2*o + 2*k + 350 = 2*o. What are the prime factors of o?
89
Let f(g) = -644*g - 630. What are the prime factors of f(-9)?
2, 3, 7, 41
Suppose -2 = 3*t - 11, 0 = -2*h + t - 431. Let s = -153 - h. List the prime factors of s.
61
Let y be (2/(-5))/((-3)/30). Suppose y*b = 31 + 1. List the prime factors of 121/7 + b/(-28).
17
Let r(n) = n**2 - 14*n + 54. What are the prime factors of r(22)?
2, 5, 23
What are the prime factors of (-1)/(-8) - (-290850)/240?
2, 3, 101
Let l = -44 - -44. What are the prime factors of 5/(15/276) - l?
2, 23
Let n be 3/(-12) + 2/8. Suppose 25 = -5*t + 3*l - n*l, -l - 5 = t. Let o(v) = 2*v**2 + 6*v - 7. List the prime factors of o(t).
13
Let q(l) be the second derivative of -l**5/20 - l**4/3 + l**3/6 + 3*l**2/2 + l. Let a be (-6 - (1 + -6))*5. List the prime factors of q(a).
23
Suppose -3*f + 176 = -4*s, f - 2*s + 5*s - 37 = 0. Let d = 9 + f. Suppose -2*t - 3*y = -d, 5*t - y - 175 = -4*y. What are the prime factors of t?
2, 19
Suppose 18 = 4*j - 2. Let a(u) = 23 - 15 - u**3 + 2*u + 5*u**2 - 3. What are the prime factors of a(j)?
3, 5
Let d be (0 - 0/(-4)) + 24. Let t = d - 25. What are the prime factors of t - -1 - (-40)/5?
2
List the prime factors of (-12)/(((-252)/(-2223))/(-14)).
2, 3, 13, 19
Suppose 4*p - h + 8 = 2*h, -3*h - 8 = 4*p. List the prime factors of 305/3 + p/3.
101
Let q(f) = 38*f - 5. Let z be q(4). Suppose 549 = 2*b + z. What are the prime factors of b?
3, 67
Let o = -8 - -1. Let z be ((-700)/(-8))/o*-2. Suppose 3*d + 34 = 5*m, 2*m - 3*d = z - 6. List the prime factors of m.
5
Suppose -4*n + 14 = 2*b - 12, -6 = -3*n + 3*b. Suppose 0 = n*q + 45 + 80. Let r = -21 - q. List the prime factors of r.
2
Let x(r) = -r**3 - 7*r**2 - 2*r - 7. Let v be x(-7). What are the prime factors of (2/4)/(v/462)?
3, 11
Let d = -87 + 88. List the prime factors of 140 - 9 - (-5 + d).
3, 5
Let z = -21 + 34. Suppose 1 + 21 = 4*s + 2*g, -4*s + g + z = 0. Let f(q) = q**3 - 3*q**2 + q - 5. List the prime factors of f(s).
3, 5
Let f(z) = -z**3 + 17*z**2 + 26*z - 58. What are the prime factors of f(13)?
2, 239
Let a be -2*((-3)/(-6) - 3). Let o(h) = 9*h + 2. What are the prime factors of o(a)?
47
Suppose 11*b = 13*b + 166. Let s = -57 - b. List the prime factors of s.
2, 13
Suppose 654 = 4*p + 2*o, -5*p + 6*o = 5*o - 835. Suppose -p = -5*k + g + 609, 0 = -5*g - 25. List the prime factors of k.
2, 7, 11
Suppose 4*y = -5*i + 8*i + 4947, 3*y = -i + 3707. List the prime factors of y.
2, 3, 103
Suppose -2*w + 12 = -2*z, -2*z + z = 5*w - 42. Let t = 28 - w. List the prime factors of t.
2, 5
Let t(x) = 139*x + 19. What are the prime factors of t(8)?
3, 13, 29
List the prime factors of ((-860)/200 + (-1)/(-2))*-5.
19
Suppose -6 = -2*f + 2*w, -4*f - 2 = -2*w - 18. Suppose -187 - 78 = -f*o. List the prime factors of o.
53
Let l = -1015 + 1464. List the prime factors of l.
449
Suppose 0 = 5*r - 6*r + 2*i + 230, -1180 = -5*r - 5*i. Let f = r - 103. List the prime factors of f.
131
Let z(m) be the second derivative of 3*m**3 - 6*m. Let t be (-12)/12 - -1*2. List the prime factors of z(t).
2, 3
Suppose -4*h + 0*h = -12. Let f be h/(2 + (-1)/2). Suppose 0 = w + f*w + 3*t - 27, 4*w - t - 61 = 0. List the prime factors of w.
2, 7
Let l be (24/14)/(4/28). Suppose -l*d = -9*d. Suppose d = -7*g + 147 + 28. List the prime factors of g.
5
Let c(l) = -l**2 + 6*l + 2. Let m be c(5). Suppose -65 = -5*q - 4*o, 3*q + m*o - 39 = 2*o. Suppose 3*f = 91 - q. What are the prime factors of f?
2, 13
Let o(a) = -2*a + 1. Let q(c) = -3*c + 2. Let r be q(2). Let w be o(r). List the prime factors of (-9 + 0)/(w/(-12)).
2, 3
Suppose 5*m + 4*y + 25 = 0, 3*m + y - 6 = -14. Let x be 2 + (-3 - (-1)/m). What are the prime factors of (4 - 72)/x*1?
2, 17
Let p(u) = u**3 - 9*u**2 - 12. Let d(t) = t**3 + 12*t**2 + 9*t - 13. Let m be d(-11). Let h be p(m). Let b = -6 - h. What are the prime factors of b?
2, 3
Suppose -197*k + 18480 = -183*k. List the prime factors of k.
2, 3, 5, 11
Let r be -1*(-3 + -1 + 0). Let q = r + -1. Suppose 4*t - b - 86 = 0, -q*t + 5*b = -t - 34. List the prime factors of t.
2, 11
Let m(b) = -b**2 + b + 1. Let t(s) = 2*s**2 + s + 14. Let h(q) = -3*m(q) + t(q). List the prime factors of h(3).
2, 5
Suppose 0 = f - o - 3, -f = 5*o - 0*o - 9. Let q(i) = i - 6*i + f*i + 19. What are the prime factors of q(0)?
19
Suppose -4*c + 5*c = 18. Let u = c - -76. List the prime factors of u.
2, 47
Suppose 0 = -13*o - 18563 + 60631. List the prime factors of o.
2, 809
Suppose 0 = 27*m - 32*m + 5905. List the prime factors of m.
1181
Let k = 7032 - 2452. What are the prime factors of k?
2, 5, 229
Let v(f) = -f**2 + f + 1. Let j be v(0). List the prime factors of j/(-4*5/(-740)).
37
Let t be 1 - 2 - (-5 + 1). Suppose -2*r = -4*z + 152, 5*z + 2*r - t*r = 196. Suppose -z = -3*p + 35. List the prime factors of p.
5
Suppose 2*k - 5*w = 6*k + 377, -4*w = -k - 68. Let r = k + 258. List the prime factors of r.
2, 5, 17
Let x(j) = -j**2 - 10*j - 5. Let c be x(-4). Let r = c + 72. Let g = r - 61. List the prime factors of g.
2, 3, 5
Let f = 638 - 361. What are the prime factors of f?
277
Suppose -b - 1552 = 4*f - 4337, 4*b - 11140 = 4*f. What are the prime factors of b?
5, 557
Let d = 133 - -111. What are the prime factors of d?
2, 61
Let f = -23 + 18. Let y be 314/f + (-2)/10. Let p = 99 + y. List the prime factors of p.
2, 3
Let k = 2 + 7. Suppose 20 = k*m - 4*m. Suppose -5*c = -m*c - 3*n - 31, 5*c - 4*n = 177. List the prime factors of c.
37
Suppose 11*b - 12773 = -4303. What are the prime factors of b?
2, 5, 7, 11
Let d(a) = a**3 - 13*a**2 + 12*a + 3. Let r be (-92)/(-8) - 1/(-2). Let b be d(r). Suppose -h + 22 = k, -b*h - 3 = 3. What are the prime factors of k?
2, 3
Suppose c + 136 = 2266. List the prime factors of c.
2, 3, 5, 71
Let p = -166 + 234. Let i = 136 - p. List the prime f